{"id":530,"date":"2022-04-14T09:20:34","date_gmt":"2022-04-14T09:20:34","guid":{"rendered":"https:\/\/www.newr.online\/?page_id=530"},"modified":"2022-10-20T12:04:42","modified_gmt":"2022-10-20T12:04:42","slug":"etudiants","status":"publish","type":"page","link":"https:\/\/www.newr.online\/?page_id=530","title":{"rendered":"Etudiants"},"content":{"rendered":"<div data-colibri-id=\"530-c1\" class=\"style-377 style-local-530-c1 position-relative\">\n  <!---->\n  <div data-colibri-component=\"section\" data-colibri-id=\"530-c2\" id=\"custom\" class=\"h-section h-section-global-spacing d-flex align-items-lg-center align-items-md-center align-items-center style-378 style-local-530-c2 position-relative\">\n    <!---->\n    <!---->\n    <div class=\"h-section-grid-container h-section-boxed-container\">\n      <!---->\n      <div data-colibri-id=\"530-c3\" class=\"h-row-container gutters-row-lg-2 gutters-row-md-2 gutters-row-0 gutters-row-v-lg-2 gutters-row-v-md-2 gutters-row-v-2 style-379 style-local-530-c3 position-relative\">\n        <!---->\n        <div class=\"h-row justify-content-lg-center justify-content-md-center justify-content-center align-items-lg-stretch align-items-md-stretch align-items-stretch gutters-col-lg-2 gutters-col-md-2 gutters-col-0 gutters-col-v-lg-2 gutters-col-v-md-2 gutters-col-v-2\">\n          <!---->\n          <div class=\"h-column h-column-container d-flex h-col-lg-auto h-col-md-auto h-col-auto style-380-outer style-local-530-c4-outer\">\n            <div data-colibri-id=\"530-c4\" class=\"d-flex h-flex-basis h-column__inner h-px-lg-2 h-px-md-2 h-px-2 v-inner-lg-2 v-inner-md-2 v-inner-2 style-380 style-local-530-c4 position-relative\">\n              <!---->\n              <!---->\n              <div class=\"w-100 h-y-container h-column__content h-column__v-align flex-basis-100 align-self-lg-start align-self-md-start align-self-start\">\n                <!---->\n                <div data-colibri-id=\"530-c5\" class=\"h-text h-text-component style-417 style-local-530-c5 position-relative h-element\">\n                  <!---->\n                  <!---->\n                  <div class=\"\">\n                    <p>ETUDIANTS\n                      <br>\n                    <\/p>\n                  <\/div>\n                <\/div>\n                <div data-colibri-id=\"530-c6\" class=\"d-block style-416 style-local-530-c6 position-relative h-element\">\n                  <!---->\n                  <div class=\"h-image__frame-container-outer\">\n                    <div class=\"h-image__frame-container\">\n                      <!---->\n                      <!---->\n                      <img loading=\"lazy\" width=\"630\" height=\"267\" src=\"https:\/\/www.newr.online\/wp-content\/uploads\/2022\/04\/cropped-1466798864.jpg\" class=\"wp-image-627 style-416-image style-local-530-c6-image\" srcset=\"https:\/\/www.newr.online\/wp-content\/uploads\/2022\/04\/cropped-1466798864.jpg 630w, https:\/\/www.newr.online\/wp-content\/uploads\/2022\/04\/cropped-1466798864-300x127.jpg 300w\" sizes=\"(max-width: 630px) 100vw, 630px\" alt=\"\" \/>\n                      <div class=\"h-image__frame h-hide-lg h-hide-md h-hide-sm style-416-frameImage style-local-530-c6-frameImage\"><\/div>\n                    <\/div>\n                  <\/div>\n                <\/div>\n              <\/div>\n            <\/div>\n          <\/div>\n        <\/div>\n      <\/div>\n      <div data-colibri-id=\"530-c7\" class=\"h-row-container gutters-row-lg-2 gutters-row-md-2 gutters-row-0 gutters-row-v-lg-2 gutters-row-v-md-2 gutters-row-v-2 style-738 style-local-530-c7 position-relative\">\n        <!---->\n        <div class=\"h-row justify-content-lg-center justify-content-md-center justify-content-center align-items-lg-stretch align-items-md-stretch align-items-stretch gutters-col-lg-2 gutters-col-md-2 gutters-col-0 gutters-col-v-lg-2 gutters-col-v-md-2 gutters-col-v-2\">\n          <!---->\n          <div class=\"h-column h-column-container d-flex h-col-lg-auto h-col-md-auto h-col-auto style-739-outer style-local-530-c8-outer\">\n            <div data-colibri-id=\"530-c8\" class=\"d-flex h-flex-basis h-column__inner h-px-lg-2 h-px-md-2 h-px-2 v-inner-lg-2 v-inner-md-2 v-inner-2 style-739 style-local-530-c8 position-relative\">\n              <!---->\n              <!---->\n              <div class=\"w-100 h-y-container h-column__content h-column__v-align flex-basis-100 align-self-lg-start align-self-md-start align-self-start\">\n                <!---->\n                <div data-colibri-id=\"530-c9\" class=\"h-text h-text-component style-740 style-local-530-c9 position-relative h-element\">\n                  <!---->\n                  <!---->\n                  <div class=\"\">\n                    <p>Nos conseils pour trouver le&nbsp;stage qui te ressemble !\n                      <br>\n                    <\/p>\n                  <\/div>\n                <\/div>\n              <\/div>\n            <\/div>\n          <\/div>\n        <\/div>\n      <\/div>\n    <\/div>\n  <\/div>\n  <div data-colibri-component=\"section\" data-colibri-id=\"530-c10\" id=\"overlappable-2\" class=\"h-section h-section-global-spacing d-flex align-items-lg-center align-items-md-center align-items-center style-391 style-local-530-c10 position-relative\">\n    <!---->\n    <!---->\n    <div class=\"h-section-grid-container h-section-boxed-container\">\n      <!---->\n      <div data-colibri-id=\"530-c11\" class=\"h-row-container gutters-row-lg-0 gutters-row-md-0 gutters-row-2 gutters-row-v-lg-0 gutters-row-v-md-0 gutters-row-v-2 style-392 style-local-530-c11 position-relative\">\n        <!---->\n        <div class=\"h-row justify-content-lg-center justify-content-md-center justify-content-center align-items-lg-stretch align-items-md-stretch align-items-stretch gutters-col-lg-0 gutters-col-md-0 gutters-col-2 gutters-col-v-lg-0 gutters-col-v-md-0 gutters-col-v-2\">\n          <!---->\n          <div class=\"h-column h-column-container d-flex h-col-lg-3 h-col-md-3 h-col-12 style-393-outer style-local-530-c12-outer\">\n            <div data-colibri-id=\"530-c12\" class=\"d-flex h-flex-basis h-column__inner h-px-lg-3 h-px-md-3 h-px-2 v-inner-lg-3 v-inner-md-3 v-inner-2 style-393 style-local-530-c12 position-relative\">\n              <!---->\n              <!---->\n              <div class=\"w-100 h-y-container h-column__content h-column__v-align flex-basis-100 align-self-lg-center align-self-md-center align-self-center\">\n                <!---->\n                <div data-colibri-id=\"530-c13\" class=\"h-icon style-394 style-local-530-c13 position-relative h-element\">\n                  <!---->\n                  <a href=\"https:\/\/annuaire.btsglieres.com\/\" target=\"_blank\" h-use-smooth-scroll=\"true\" rel=\"noopener\"><span class=\"h-svg-icon h-icon__icon style-394-icon style-local-530-c13-icon\"><!--Icon by Font Awesome (https:\/\/fontawesome.com)--><svg version=\"1.1\" xmlns=\"http:\/\/www.w3.org\/2000\/svg\" xmlns:xlink=\"http:\/\/www.w3.org\/1999\/xlink\" id=\"th-list\" viewBox=\"0 0 1792 1896.0833\"><path d=\"M512 1248v192q0 40-28 68t-68 28H96q-40 0-68-28t-28-68v-192q0-40 28-68t68-28h320q40 0 68 28t28 68zm0-512v192q0 40-28 68t-68 28H96q-40 0-68-28T0 928V736q0-40 28-68t68-28h320q40 0 68 28t28 68zm1280 512v192q0 40-28 68t-68 28H736q-40 0-68-28t-28-68v-192q0-40 28-68t68-28h960q40 0 68 28t28 68zM512 224v192q0 40-28 68t-68 28H96q-40 0-68-28T0 416V224q0-40 28-68t68-28h320q40 0 68 28t28 68zm1280 512v192q0 40-28 68t-68 28H736q-40 0-68-28t-28-68V736q0-40 28-68t68-28h960q40 0 68 28t28 68zm0-512v192q0 40-28 68t-68 28H736q-40 0-68-28t-28-68V224q0-40 28-68t68-28h960q40 0 68 28t28 68z\"><\/path><\/svg><\/span><\/a>\n                <\/div>\n                <div data-colibri-id=\"530-c14\" class=\"h-global-transition-all h-heading style-395 style-local-530-c14 position-relative h-element\">\n                  <!---->\n                  <div class=\"h-heading__outer style-395 style-local-530-c14\">\n                    <!---->\n                    <!---->\n                    <h5 class=\"\">Annuaire<\/h5>\n                  <\/div>\n                <\/div>\n                <div data-colibri-id=\"530-c15\" class=\"h-text h-text-component style-396 style-local-530-c15 position-relative h-element\">\n                  <!---->\n                  <!---->\n                  <div class=\"\">\n                    <p>Trouve ton stage dans l&rsquo;annuaire des stages !\n                      <br>\n                    <\/p>\n                  <\/div>\n                <\/div>\n              <\/div>\n            <\/div>\n          <\/div>\n          <div class=\"h-column h-column-container d-flex h-col-lg-3 h-col-md-3 h-col-12 style-393-outer style-local-530-c16-outer\">\n            <div data-colibri-id=\"530-c16\" class=\"d-flex h-flex-basis h-column__inner h-px-lg-3 h-px-md-3 h-px-2 v-inner-lg-3 v-inner-md-3 v-inner-2 style-393 style-local-530-c16 position-relative\">\n              <!---->\n              <!---->\n              <div class=\"w-100 h-y-container h-column__content h-column__v-align flex-basis-100 align-self-lg-center align-self-md-center align-self-center\">\n                <!---->\n                <div data-colibri-id=\"530-c17\" class=\"h-icon style-394 style-local-530-c17 position-relative h-element\">\n                  <!----><span class=\"h-svg-icon h-icon__icon style-394-icon style-local-530-c17-icon\"><!--Icon by Font Awesome (https:\/\/fontawesome.com)--><svg version=\"1.1\" xmlns=\"http:\/\/www.w3.org\/2000\/svg\" xmlns:xlink=\"http:\/\/www.w3.org\/1999\/xlink\" id=\"vcard-o\" viewBox=\"0 0 2048 1896.0833\"><path d=\"M1024 1131q0 64-37 106.5t-91 42.5H384q-54 0-91-42.5T256 1131t9-117.5 29.5-103 60.5-78 97-28.5q6 4 30 18t37.5 21.5T555 861t43 14.5 42 4.5 42-4.5 43-14.5 35.5-17.5T798 822t30-18q57 0 97 28.5t60.5 78 29.5 103 9 117.5zM867 611q0 94-66.5 160.5T640 838t-160.5-66.5T413 611t66.5-160.5T640 384t160.5 66.5T867 611zm925 445v64q0 14-9 23t-23 9h-576q-14 0-23-9t-9-23v-64q0-14 9-23t23-9h576q14 0 23 9t9 23zm0-252v56q0 15-10.5 25.5T1756 896h-568q-15 0-25.5-10.5T1152 860v-56q0-15 10.5-25.5T1188 768h568q15 0 25.5 10.5T1792 804zm0-260v64q0 14-9 23t-23 9h-576q-14 0-23-9t-9-23v-64q0-14 9-23t23-9h576q14 0 23 9t9 23zm128 960V288q0-13-9.5-22.5T1888 256H160q-13 0-22.5 9.5T128 288v1216q0 13 9.5 22.5t22.5 9.5h352v-96q0-14 9-23t23-9h64q14 0 23 9t9 23v96h768v-96q0-14 9-23t23-9h64q14 0 23 9t9 23v96h352q13 0 22.5-9.5t9.5-22.5zm128-1216v1216q0 66-47 113t-113 47H160q-66 0-113-47T0 1504V288q0-66 47-113t113-47h1728q66 0 113 47t47 113z\"><\/path><\/svg><\/span><\/div>\n                <div\n                  data-colibri-id=\"530-c18\" class=\"h-global-transition-all h-heading style-395 style-local-530-c18 position-relative h-element\">\n                  <!---->\n                  <div class=\"h-heading__outer style-395 style-local-530-c18\">\n                    <!---->\n                    <!---->\n                    <h5 class=\"\">CV <\/h5>\n                  <\/div>\n              <\/div>\n              <div data-colibri-id=\"530-c19\" class=\"h-text h-text-component style-396 style-local-530-c19 position-relative h-element\">\n                <!---->\n                <!---->\n                <div class=\"\">\n                  <p>Des conseils pour un CV parfait et \u00e0 ton image !\n                    <br>\n                  <\/p>\n                <\/div>\n              <\/div>\n            <\/div>\n          <\/div>\n        <\/div>\n        <div class=\"h-column h-column-container d-flex h-col-lg-3 h-col-md-3 h-col-12 style-393-outer style-local-530-c20-outer\">\n          <div data-colibri-id=\"530-c20\" class=\"d-flex h-flex-basis h-column__inner h-px-lg-3 h-px-md-3 h-px-2 v-inner-lg-3 v-inner-md-3 v-inner-2 style-393 style-local-530-c20 position-relative\">\n            <!---->\n            <!---->\n            <div class=\"w-100 h-y-container h-column__content h-column__v-align flex-basis-100 align-self-lg-center align-self-md-center align-self-center\">\n              <!---->\n              <div data-colibri-id=\"530-c21\" class=\"h-icon style-394 style-local-530-c21 position-relative h-element\">\n                <!----><span class=\"h-svg-icon h-icon__icon style-394-icon style-local-530-c21-icon\"><!--Icon by Font Awesome (https:\/\/fontawesome.com)--><svg version=\"1.1\" xmlns=\"http:\/\/www.w3.org\/2000\/svg\" xmlns:xlink=\"http:\/\/www.w3.org\/1999\/xlink\" id=\"file-text-o\" viewBox=\"0 0 1611.2499 1896.0833\"><path d=\"M1468 380q28 28 48 76t20 88v1152q0 40-28 68t-68 28H96q-40 0-68-28t-28-68V96q0-40 28-68T96 0h896q40 0 88 20t76 48zm-444-244v376h376q-10-29-22-41l-313-313q-12-12-41-22zm384 1528V640H992q-40 0-68-28t-28-68V128H128v1536h1280zM384 800q0-14 9-23t23-9h704q14 0 23 9t9 23v64q0 14-9 23t-23 9H416q-14 0-23-9t-9-23v-64zm736 224q14 0 23 9t9 23v64q0 14-9 23t-23 9H416q-14 0-23-9t-9-23v-64q0-14 9-23t23-9h704zm0 256q14 0 23 9t9 23v64q0 14-9 23t-23 9H416q-14 0-23-9t-9-23v-64q0-14 9-23t23-9h704z\"><\/path><\/svg><\/span><\/div>\n              <div\n                data-colibri-id=\"530-c22\" class=\"h-global-transition-all h-heading style-395 style-local-530-c22 position-relative h-element\">\n                <!---->\n                <div class=\"h-heading__outer style-395 style-local-530-c22\">\n                  <!---->\n                  <!---->\n                  <h5 class=\"\">Lettre de motivation<\/h5>\n                <\/div>\n            <\/div>\n            <div data-colibri-id=\"530-c23\" class=\"h-text h-text-component style-396 style-local-530-c23 position-relative h-element\">\n              <!---->\n              <!---->\n              <div class=\"\">\n                <p>Des astuces pour r\u00e9diger THE lettre de motivation !\n                  <br>\n                <\/p>\n              <\/div>\n            <\/div>\n          <\/div>\n        <\/div>\n      <\/div>\n      <div class=\"h-column h-column-container d-flex h-col-lg-3 h-col-md-3 h-col-12 style-397-outer style-local-530-c24-outer\">\n        <div data-colibri-id=\"530-c24\" class=\"d-flex h-flex-basis h-column__inner h-px-lg-3 h-px-md-3 h-px-2 v-inner-lg-3 v-inner-md-3 v-inner-2 style-397 style-local-530-c24 position-relative\">\n          <!---->\n          <!---->\n          <div class=\"w-100 h-y-container h-column__content h-column__v-align flex-basis-100 align-self-lg-center align-self-md-center align-self-center\">\n            <!---->\n            <div data-colibri-id=\"530-c25\" class=\"h-icon style-394 style-local-530-c25 position-relative h-element\">\n              <!----><span class=\"h-svg-icon h-icon__icon style-394-icon style-local-530-c25-icon\"><!--Icon by Font Awesome (https:\/\/fontawesome.com)--><svg version=\"1.1\" xmlns=\"http:\/\/www.w3.org\/2000\/svg\" xmlns:xlink=\"http:\/\/www.w3.org\/1999\/xlink\" id=\"address-book-o\" viewBox=\"0 0 1664 1896.0833\"><path d=\"M1028 644q0 107-76.5 183T768 903t-183.5-76T508 644q0-108 76.5-184T768 384t183.5 76 76.5 184zm-48 220q46 0 82.5 17t60 47.5 39.5 67 24 81 11.5 82.5 3.5 79q0 67-39.5 118.5T1056 1408H480q-66 0-105.5-51.5T335 1238q0-48 4.5-93.5T358 1046t36.5-91.5 63-64.5 93.5-26h5q7 4 32 19.5t35.5 21 33 17 37 16 35 9T768 951t39.5-4.5 35-9 37-16 33-17 35.5-21 32-19.5zm684-256q0 13-9.5 22.5T1632 640h-96v128h96q13 0 22.5 9.5t9.5 22.5v192q0 13-9.5 22.5t-22.5 9.5h-96v128h96q13 0 22.5 9.5t9.5 22.5v192q0 13-9.5 22.5t-22.5 9.5h-96v224q0 66-47 113t-113 47H160q-66 0-113-47T0 1632V160Q0 94 47 47T160 0h1216q66 0 113 47t47 113v224h96q13 0 22.5 9.5t9.5 22.5v192zm-256 1024V160q0-13-9.5-22.5T1376 128H160q-13 0-22.5 9.5T128 160v1472q0 13 9.5 22.5t22.5 9.5h1216q13 0 22.5-9.5t9.5-22.5z\"><\/path><\/svg><\/span><\/div>\n            <div\n              data-colibri-id=\"530-c26\" class=\"h-global-transition-all h-heading style-395 style-local-530-c26 position-relative h-element\">\n              <!---->\n              <div class=\"h-heading__outer style-395 style-local-530-c26\">\n                <!---->\n                <!---->\n                <h5 class=\"\">Entretien<\/h5>\n              <\/div>\n          <\/div>\n          <div data-colibri-id=\"530-c27\" class=\"h-text h-text-component style-396 style-local-530-c27 position-relative h-element\">\n            <!---->\n            <!---->\n            <div class=\"\">\n              <p>Entra\u00eene-toi pour des entretiens sans pression !\n                <br>\n              <\/p>\n            <\/div>\n          <\/div>\n        <\/div>\n      <\/div>\n    <\/div>\n  <\/div>\n<\/div>\n<\/div>\n<\/div>\n<\/div>","protected":false},"excerpt":{"rendered":"<p>ETUDIANTS Nos conseils pour trouver le&nbsp;stage qui te ressemble ! Annuaire Trouve ton stage dans l&rsquo;annuaire des stages ! CV Des conseils pour un CV parfait et \u00e0 ton image ! Lettre de motivation Des astuces pour r\u00e9diger THE lettre de motivation ! Entretien Entra\u00eene-toi pour des entretiens sans pression !<\/p>\n","protected":false},"author":7,"featured_media":0,"parent":0,"menu_order":0,"comment_status":"closed","ping_status":"closed","template":"page-templates\/full-width-page.php","meta":[],"_links":{"self":[{"href":"https:\/\/www.newr.online\/index.php?rest_route=\/wp\/v2\/pages\/530"}],"collection":[{"href":"https:\/\/www.newr.online\/index.php?rest_route=\/wp\/v2\/pages"}],"about":[{"href":"https:\/\/www.newr.online\/index.php?rest_route=\/wp\/v2\/types\/page"}],"author":[{"embeddable":true,"href":"https:\/\/www.newr.online\/index.php?rest_route=\/wp\/v2\/users\/7"}],"replies":[{"embeddable":true,"href":"https:\/\/www.newr.online\/index.php?rest_route=%2Fwp%2Fv2%2Fcomments&post=530"}],"version-history":[{"count":20,"href":"https:\/\/www.newr.online\/index.php?rest_route=\/wp\/v2\/pages\/530\/revisions"}],"predecessor-version":[{"id":1679,"href":"https:\/\/www.newr.online\/index.php?rest_route=\/wp\/v2\/pages\/530\/revisions\/1679"}],"wp:attachment":[{"href":"https:\/\/www.newr.online\/index.php?rest_route=%2Fwp%2Fv2%2Fmedia&parent=530"}],"curies":[{"name":"wp","href":"https:\/\/api.w.org\/{rel}","templated":true}]}}